 h = i + -90. Suppose 0 = -2*q - 3*q + h. What are the prime factors of q?
5, 7
Suppose 9*g - 3146 + 14 = 0. What are the prime factors of g?
2, 3, 29
Let w be (-12)/18*3/2 + 4. Suppose -80 = 2*g - 2*c - 236, -w*g = 5*c - 234. What are the prime factors of g?
2, 3, 13
Let t = -761 - -1135. What are the prime factors of t?
2, 11, 17
Let t(i) = 54*i**2 - 399*i - 16. List the prime factors of t(12).
2, 743
Let a be 12/(-8) - 10/(-4). List the prime factors of (74 - 12) + a + -1.
2, 31
Let t be -2 - ((-13)/(-1) + 1). List the prime factors of t + 13 + (1 - -25).
23
Suppose -3*o = -6*o - 411. Let y = 218 + o. Suppose -2*p - 4*u = -70, -3*p + 3*u = u - y. List the prime factors of p.
29
Let q(u) = 1656*u + 16. Let o be q(2). Suppose -9*h = 4*h - o. List the prime factors of h.
2
Let a be 187/9 - 16/(-72). What are the prime factors of (14/a)/((-1)/6) - -12?
2
Let d = 15 - 6. Let u(a) = -a**3 + 8*a**2 + 8*a + 9. Let n be u(d). What are the prime factors of (n + -1 - 1) + 61?
59
Let p = -19 + 33. Let w(h) = 5*h - 20. What are the prime factors of w(p)?
2, 5
Let x(z) = -8 + z + z + 20. Suppose -4*j - 2*l = -52, 0*l + l = 5*j - 79. List the prime factors of x(j).
2, 3, 7
Let o(n) = -4 + 0 - 7 + 3*n + 5*n. Let j be o(5). Let i = j - 16. List the prime factors of i.
13
Let w(v) = -2*v**2 - 22*v + 24. Let c be w(-12). Suppose -9*o + 4*o + 535 = c. List the prime factors of o.
107
Let d(f) be the second derivative of 9*f**3/2 - 9*f**2/2 - 16*f. What are the prime factors of d(4)?
3, 11
Let n(r) = 6*r**2 - 10*r + 15. List the prime factors of n(10).
5, 103
Suppose 0 = -2*a + 7*a - 5*k - 25, 0 = -2*a - k - 5. Suppose a = -2*n - n. Suppose -2*p + 3*x + 46 + 31 = n, -5*p - 3*x + 182 = 0. List the prime factors of p.
37
Suppose 0 = 2*a + 2*j - 10, -a + 2*j + 3 - 10 = 0. Let i = -2 + -6. List the prime factors of i*a*(-1)/2.
2
Suppose -3*y + 4*r = -6*y + 43, r + 70 = 4*y. Suppose -4*k + 79 = -y. Suppose -3*i + w + 14 + 24 = 0, 2*i - w - k = 0. List the prime factors of i.
2, 7
Let m(u) = -116*u + 280. What are the prime factors of m(-11)?
2, 389
Let j be (104/10 - 1) + (-3)/(-5). List the prime factors of 136/j + 1/(10/(-6)).
13
Let y = 32 - 12. Suppose 250 = -15*a + y*a. List the prime factors of a.
2, 5
Let j(o) = 152*o**2 + 3*o + 6. What are the prime factors of j(2)?
2, 5, 31
Let q = 1132 - 598. What are the prime factors of q?
2, 3, 89
Suppose -2*r + 9*r - 28 = 0. Suppose 4*g = r*b + 4, -g - 2*b - 2*b = -6. Suppose g = -4*h + 14. What are the prime factors of h?
3
Suppose 5*v + 2*t + 71 = 3*t, -v = 5*t + 35. Let f = v - -34. What are the prime factors of f?
19
Let w = -398 + 1125. List the prime factors of w.
727
Let g be (-6)/(-8) - 20955/(-60). Let o = g - 222. List the prime factors of o.
2
Suppose -44770 = -17*j + 6*j. What are the prime factors of j?
2, 5, 11, 37
Let w(o) be the second derivative of -13*o**3/6 - 2*o**2 + o - 17. Suppose -a + 4*a = -3. What are the prime factors of w(a)?
3
Let s(o) = 72 - o**3 + 3*o**2 + 2*o**2 + 0*o**2 - 6*o**2 - 2*o. List the prime factors of s(0).
2, 3
Let c = -135 + 139. Let f = -30 + 186. Suppose -o + c*o = f. What are the prime factors of o?
2, 13
Suppose -63 = -4*a + 73. Suppose -53*d + 51*d = -a. What are the prime factors of d?
17
Let l = 15 - 11. Suppose 9 = l*a - 3. Suppose -15 = -a*d - 3. What are the prime factors of d?
2
Let v(y) be the third derivative of y**5/60 + 2*y**4/3 + 17*y**3/3 - 19*y**2. What are the prime factors of v(-19)?
7, 13
Suppose -12*z + 27 = -3*z. Suppose -2*q + 0*p = p - 134, -z*p - 67 = -q. List the prime factors of q.
67
Let q(w) = w**2 + 7*w - 8. Suppose 5*m = f - 12, -f - 2*f - 36 = 3*m. Let z be q(f). Let g(a) = -a + 25. List the prime factors of g(z).
5
Let q = 1 + -11. Let h be (-104)/(-20) - (-2)/q. Suppose -4*u = -h*i + 102, -4*u - 47 = 4*i - 143. What are the prime factors of i?
2, 11
List the prime factors of (8 - 1)*(2 + (-10542)/(-49)).
2, 5, 19
Suppose s - 6 = 5*m + 16, 4 = m - 3*s. Let p = 0 - m. Suppose p*w - 23 = q, -w - w + 2*q = -14. What are the prime factors of w?
2
Suppose -2*x + 3 = 9. Let b(r) = 10*r**2 + 11*r - 17. Let o be b(2). List the prime factors of (4/x)/((-3)/o).
2, 5
Let c be (20/15)/(4/30). Let s be (-845)/c - 6/4. What are the prime factors of (s/(-8))/((-4)/(-16))?
43
Let p(k) be the third derivative of -k**4/24 + k**3 - 3*k**2. Let l be p(3). Suppose -l*m = -0*m - 72. What are the prime factors of m?
2, 3
Let d(f) = f**2 - 8*f - 2. Let m be d(10). Let r be (m/15)/((-2)/20). Let w(n) = -2*n - 2. What are the prime factors of w(r)?
2, 11
Let p(w) = -w**3 + 11*w**2 - w - 8. Let a be p(11). List the prime factors of (3 - (-2)/(8/a))*-92.
7, 23
Suppose 0 = -0*z + 5*z + 15, 4*z = -q - 11. What are the prime factors of q*(-3 + -56)*-1?
59
Let a(x) = 9*x - 34. Let o(m) = 13*m - 51. Let p(s) = -7*a(s) + 5*o(s). Let j be p(8). What are the prime factors of j*(-8 + (-8)/(-2))?
2
Let x(u) = u**3 + 13*u**2 - u - 12. Let b be x(-13). Suppose 0 = -f + b + 59. List the prime factors of f/21*70/4.
2, 5
Let b(f) = 26*f - 52. What are the prime factors of b(40)?
2, 13, 19
Let y(n) = -2*n + 3*n - 2 - 3*n - 9*n. Suppose 3*b + 0 + 3 = 0. List the prime factors of y(b).
3
Let u = 28 - -16. Suppose 2*l + 3*i - 12 + 56 = 0, -5*l - 120 = 5*i. Let z = u + l. What are the prime factors of z?
2
Let x = 618 + -161. List the prime factors of x.
457
Suppose 0 = -23*t + 21 + 186. List the prime factors of t.
3
Suppose 7*u - 14*u = -686. List the prime factors of (-2 + u)/1 + -3.
3, 31
What are the prime factors of 29118/46 - (-2 + 1*4)?
631
Let o(k) = 32*k**2 + 27*k + 115. List the prime factors of o(-5).
2, 3, 5, 13
Suppose -g + 9*g = 600. Let l = -43 + g. What are the prime factors of l?
2
List the prime factors of ((-6)/(-9))/(20/22350).
5, 149
Let g be ((-16)/(-12))/(2/3). Let u be -7*-35*(-1 + g). Suppose f - 2*o - 5 = 35, -5*o + u = 5*f. List the prime factors of f.
2, 23
Let g(j) = -2*j**2 + 28*j - 16. Let p be g(11). What are the prime factors of p/15*(-144)/(-10)?
2, 3
Suppose -14*y + 3120 + 702 = 0. What are the prime factors of y?
3, 7, 13
Let b(x) = 72*x**3 + 3*x**2 - 7*x + 5. List the prime factors of b(2).
3, 193
Suppose 3*r + 2115 = 4*z, -z + r + 396 + 133 = 0. Let b = -336 + z. What are the prime factors of b?
2, 3
Let z(r) = -r**2 + 2*r + 229. What are the prime factors of z(0)?
229
Let t(h) be the third derivative of h**6/120 + 7*h**5/60 - h**4/4 + h**3/2 + 4*h**2. Let x be t(-7). Let g = 77 - x. What are the prime factors of g?
2
Let q = 4105 + -2231. What are the prime factors of q?
2, 937
Suppose 3810 = -12*b + 9210. List the prime factors of b.
2, 3, 5
Suppose 3*c + d - 2288 = -d, 3*d - 3815 = -5*c. What are the prime factors of c?
2, 383
Let p = -4863 + 7405. List the prime factors of p.
2, 31, 41
Let n be 6/(-5)*(-1 - 59). Suppose -3*y - y = -n. What are the prime factors of (-13)/(-3) - 6/y?
2
Let z be 0 - (2 + (-8)/2). Let x be -5*(-5)/25 + 8. Let k = z + x. List the prime factors of k.
11
Let p(d) = -d**3 - 3*d**2 + d + 8. Let a(z) = 3*z**2 + 2*z. Let b be a(-1). Let y be (-1)/(20/16 - b). What are the prime factors of p(y)?
2, 5
Let g(j) = j**2 - 4*j + 1. Suppose 5*v - 22 = l + l, 26 = 3*v + 2*l. What are the prime factors of g(v)?
13
Suppose 0 = -84*m + 28*m + 199360. What are the prime factors of m?
2, 5, 89
Let b be (12/(-20) - -1)*-5. Let u be 6/b - (-1 + 6). List the prime factors of u/(-14) - 1636/(-28).
59
Suppose 6*o = 3*o. Suppose 0 = -0*f - 3*f - 4*r - 180, o = 3*r + 9. What are the prime factors of f/1*6/(-6)?
2, 7
Let d(b) = b**3 + 6*b**2 + 5*b + 1. Let q = 66 + -42. Let h be 2/(-8) - 90/q. List the prime factors of d(h).
13
Let z = -346 - -592. List the prime factors of z.
2, 3, 41
Suppose 45*c - 39*c - 4836 = 0. What are the prime factors of c?
2, 13, 31
Let k(r) = -8*r + 40. Let b be k(4). Suppose 2*g + 2*g - 4 = 0. Suppose b = f + g. List the prime factors of f.
7
Suppose -2943 = -2*s - m + 306, 2*m + 3234 = 2*s. What are the prime factors of s?
2, 811
List the prime factors of (9/(-27))/((-2)/3558).
593
Suppose -2*g - 38 + 2 = 0. Let n = 33 + g. List the prime factors of n.
3, 5
Let u(l) = 93*l**2 - 5*l + 5. Let h = 59 - 58. What are the prime factors of u(h)?
3, 31
Let j(h) = 4*h**2 - 4*h. Let t be j(2). What are the prime factors 